is the units digit of l?
3
Suppose 3*x + 28 = 82. Suppose -2*l + x = -96. Suppose 0 = -2*o + 81 + l. What is the tens digit of o?
6
Let r be (10/(-25))/((-3)/30). Let n be -1 - (-1 - (-8)/r). Let g(q) = -72*q + 2. What is the tens digit of g(n)?
4
Let i(w) = 67958*w**3 - 6*w**2 - 39*w + 37. What is the hundreds digit of i(1)?
9
Let c be 5 - (1 - -1) - 9. Let j(n) = -5*n**2 + 11*n + 7. Let m(i) = 9*i**2 - 21*i - 14. Let o(k) = c*m(k) - 11*j(k). What is the units digit of o(-5)?
7
Let k(x) = -9241*x - 189. What is the hundreds digit of k(-2)?
2
Let i(v) = v**3 - 14*v**2 - 29*v - 33. Let y be i(16). What is the units digit of (-6)/(((-6)/68)/(y/20))?
1
Let w = 39540 + -12036. What is the units digit of w?
4
Let d be -7 + ((-50)/(-5) - -3). What is the tens digit of (d - 5 - 2) + 753?
5
Suppose 20 = 4*l, 5*a + l = -0*l + 1615. Let n = a + 51. What is the hundreds digit of n?
3
Let l be 9/6 - (-7)/((-56)/(-156)). Let p = l + 342. What is the units digit of p?
3
Suppose 3*b + 5*u - 2 = 0, 3*u + 7 - 1 = 0. Let f be 20/6*6/b. Suppose i + 292 = f*i. What is the units digit of i?
3
Let p = -171 - -166. Let q(i) = 10*i**2 - 14*i - 21. What is the hundreds digit of q(p)?
2
Let t(r) = -4*r**3 - 16*r**2 + 3*r + 15. Let v be t(-4). Suppose -v*b + 5350 = 22*b. What is the hundreds digit of b?
2
Let p = 5383 - -10335. What is the thousands digit of p?
5
Let g = 218848 + -138568. What is the ten thousands digit of g?
8
What is the tens digit of 135/495 - (-712922)/77?
5
Let p = 4365 + -3244. What is the thousands digit of p?
1
Let l(y) = -2*y**2 - 17*y - 5. Let f be l(-8). Suppose f*p - s + 87 = 2*s, s = -p - 25. Let h = 58 - p. What is the tens digit of h?
8
Let c be ((-6)/3)/(8/(-28)). Suppose -q - 7 - c = 0. Let r = q - -110. What is the units digit of r?
6
Suppose 857256 = 17*h - 194840. What is the ten thousands digit of h?
6
Let k = 3845 + 36393. What is the units digit of k?
8
Suppose -12*z = -20*z + 24. What is the units digit of (z/(-6))/(2 + 5025/(-2510))?
1
Suppose -6*c = -92 + 50. Suppose 0 = -c*b - 27 + 153. What is the units digit of b?
8
Suppose 4*q + w = 31, 8 = 5*w + 33. Let r be (-8)/(-12) + 0 + 21/q. Suppose -g + r + 101 = 0. What is the units digit of g?
4
Let w = 613 + -1909. Let o = 1985 + w. What is the hundreds digit of o?
6
Let m = -19367 + 32145. What is the tens digit of m?
7
Suppose 1040*c - 174827 = -3*z + 1039*c, 4*c = 2*z - 116556. What is the units digit of z?
6
Let l = 333 - 618. Let q = l + 486. What is the hundreds digit of q?
2
Suppose 7 = -i + 5*k, i + 10 = 3*i + 2*k. Let p(r) = 47*r + 10. What is the tens digit of p(i)?
5
What is the hundreds digit of (-11 - -12)*(-11188)/(-2)?
5
What is the thousands digit of (-141)/987 + (-1 - (-211863)/7)?
0
Let a(l) = 306*l**2 - 90*l - 189. What is the units digit of a(-6)?
7
Let w(s) = -27*s + 110. Let g be w(4). Suppose -23*v - 4968 = -27*v + 3*q, g*v - 2484 = 3*q. What is the hundreds digit of v?
2
Let y(k) = 10*k**2 - 174*k + 42. What is the tens digit of y(-30)?
6
Suppose -20*h + 24*h - 65700 = -5*f, 0 = -2*h - 2*f + 32854. What is the hundreds digit of h?
4
Let o be (-3)/(-1)*(-44)/6. Let r = o + 63. Let s = r + -10. What is the units digit of s?
1
Let j(q) be the second derivative of 8*q**3 - q**2/2 - 27*q. Let r be j(-1). What is the tens digit of 2/(-7) - 1288/r?
2
Let l be 2 - 5 - (3 - -3)/(-1). Suppose -b = 4*g - 498, -5*b + 1507 + 915 = l*g. What is the hundreds digit of b?
4
Suppose -6438 - 19128 = -22*k + 9656. What is the thousands digit of k?
1
Let t(v) = v**3 - 5*v**2 + 2*v - 9. Let q be t(5). Let u be 236/13 + ((-33)/(-39) - q). Let b(r) = 6*r - 8. What is the units digit of b(u)?
0
Suppose -r + 32 = 5*o - 48, -8 = -4*o. Suppose -10*d + 11*d - 2 = 0. Suppose 2*t + t - m = 103, 0 = d*t - 2*m - r. What is the units digit of t?
4
Suppose -6*r - 13*r + 236823 + 318110 = 0. What is the tens digit of r?
0
Suppose -2*n - 2 = -4*x - 0*n, 0 = -2*x + 5*n - 19. Suppose l = x*l - 200. Suppose 0 = 40*s - 39*s - l. What is the units digit of s?
0
Suppose 11 = 8*u - 5. Suppose 2*q = 0, -u*b + 11*q - 15*q = -2430. What is the hundreds digit of b?
2
Let n = -63 + 27. Let g = -32 - n. Suppose g*o - 103 - 137 = 0. What is the tens digit of o?
6
What is the ten thousands digit of 18240 - 0 - (-11 - -12)?
1
Let d(r) = 2*r**2 - 18*r - 24. Let c = 379 + -389. What is the hundreds digit of d(c)?
3
Let h(t) = 5*t + 50. Let m = 82 + -94. Let o be h(m). What is the units digit of (14/o)/((-3)/105)?
9
Let t be (225/50)/((-11)/220). Let m(p) = 2*p**2 + 3. Let i be m(3). Let d = i - t. What is the units digit of d?
1
Suppose -5*y = 3*o - 6*y - 432, 2*o = 3*y + 281. Suppose w = -16 + o. Suppose -465 = -4*r + v, r + 4*v + 0*v - w = 0. What is the units digit of r?
7
Let y = -59 + 61. Let p(i) = 391*i**2 - i - 7. Let r be p(y). Suppose -9*f - 196 + r = 0. What is the units digit of f?
1
Let g(h) = -24*h**3 + 16*h**2 - 4*h - 153. What is the thousands digit of g(-10)?
5
Let u = 279476 - 195095. What is the thousands digit of u?
4
Suppose 0*p + 8 = 4*p, -5*l - 5*p - 315 = 0. What is the units digit of (-22529)/l - 12/20?
6
Let y(c) be the third derivative of -c**6/15 - c**5/30 - c**4/2 - 7*c**3/6 + 3*c**2 + 3*c. What is the tens digit of y(-4)?
2
Let f = 3643 - -6113. What is the tens digit of f?
5
Let d be 4 + -3 + -3 + 43. Let l = d - 43. What is the units digit of (l/4)/(1 + 300/(-296))?
7
Let u = 4267 + -1292. What is the tens digit of u?
7
Let p = -5872 + 12027. What is the units digit of p?
5
Let l(n) = -n**3 + 10*n**2 - 3*n - 14. Suppose -4*c - 7 = -39. Let q be (c/6)/(8 - 141/18). What is the tens digit of l(q)?
9
Let t be (3 + -3)/(8 + -6). Let f be t + (96/(-4))/(-2). Suppose -13*p = -f*p - 85. What is the tens digit of p?
8
Let g = -4040 + 13001. What is the thousands digit of g?
8
Let a(d) = -d**3 + 11*d**2 - 4*d - 6. Let q be -1 - (-3 - -3) - -11. Let h be a(q). What is the units digit of ((-30)/45)/((-4)/h)?
9
Suppose 240*w = 271*w - 655619. What is the thousands digit of w?
1
Let u(i) be the first derivative of i**3/3 + 13*i**2 + 24*i + 4. Suppose -2*h - 53 = -3*m + 4*m, 5*h = -2*m - 132. What is the units digit of u(h)?
4
Let f be (-405)/(-10) + 9/6 + -2. Suppose f = 4*g - 4*k, 6*k - 7*k + 35 = 4*g. What is the units digit of g?
9
Suppose -7*u = -u - 42. Suppose 4*a + u*x - 3*x = 556, 2*a - 3*x = 303. Suppose -16*r = -10*r - a. What is the units digit of r?
4
Let n(x) = 196*x**2 - 19*x + 57. Let q be n(3). Suppose -4*k + 1352 = -q. What is the units digit of k?
9
Let j(a) = a**3 - a - 2. Suppose u + 2*d - 1 + 0 = 0, -2*u - d + 5 = 0. Let k(v) = 3*v - 5. Let g be k(u). What is the units digit of j(g)?
8
Let x(t) = 1316*t**3 - 11*t**2 + 18*t + 8. What is the units digit of x(2)?
8
Suppose 4*w - 5070 = -2*d - 3*d, 5*w + 2061 = 2*d. Suppose d = 3*q - 11. What is the hundreds digit of q?
3
Suppose 623315 - 378587 = 40*u - 650352. What is the thousands digit of u?
2
Let a be ((-3900)/18)/(4/(-42)). Suppose 10*k - a = 1745. What is the tens digit of k?
0
What is the thousands digit of (-56)/(-364) + (-175574)/(-26)?
6
Suppose 10*j - 27*j + 21284 = 0. Let b = -579 + j. What is the hundreds digit of b?
6
Suppose -3*h + 4*h = -10. Let c be (-1 - -1) + h + 115. Let x = c + -75. What is the units digit of x?
0
Suppose 2879 = p - 4*f - 11929, -3*p + 3*f = -44415. What is the units digit of p?
4
Suppose 43*h + 40*h - 1070740 = 1725447. What is the ten thousands digit of h?
3
Let f be (26982 - 4) + -1 + -5. Suppose -39*a + 17*a + f = 0. What is the units digit of a?
6
Let y = 3 + 126. Let z = y + 654. Suppose -9*x = -18*x + z. What is the units digit of x?
7
Let i(y) be the second derivative of -11*y**3/2 - 40*y**2 + 9*y. Let o(f) = 4*f + 10. Let r(d) = 6*i(d) + 51*o(d). What is the units digit of r(12)?
2
Suppose -285 - 225 = -3*a. Let v = 1125 + -1048. Let z = a - v. What is the units digit of z?
3
Let r(v) be the third derivative of v**5/60 - v**4/8 - 11*v**3/6 - 8*v**2. Let a be r(6). What is the units digit of (-2)/a + 825/21?
9
Suppose 0 = 16*h - 19*h + 15. Suppose 279 = 2*l - j, 39 = -h*j + 24. What is the units digit of l?
8
Let a be 4*-7*1/4. Let h(b) = 2*b + 22 + 19 - 3*b - 3*b - 19. What is the tens digit of h(a)?
5
Suppose 9*s + 19*s - 222516 = 0. What is the hundreds digit of s?
9
Let